inder when m is divided by 13?
10
Suppose -3*c = -k - k + 29, 4*c = 4*k - 64. Let m(s) = -s**3 - 3*s**2 + 9*s + 24. What is the remainder when m(-5) is divided by k?
10
Suppose d + 9 = 58. What is the remainder when 134 is divided by d?
36
Let q(o) = o**2 - 3*o + 10. Let w be q(7). Suppose w = 46*f - 45*f. What is the remainder when 110 is divided by f?
34
Calculate the remainder when 7/140*12*(44 + 1) is divided by 13.
1
Suppose 7*j - 2*s = 2*j + 67, 2*j = s + 26. Calculate the remainder when 47 is divided by j.
2
Let g be (-38)/(-14) + (-16)/(-56). Suppose -3*m = -t + g*t - 64, -4*m + 98 = 3*t. Calculate the remainder when t is divided by -2*2/(4/(-13)).
12
Let w(h) = 2*h**2 + 2*h. Suppose -5*z = -5*s - 20, -2*s + 5*z - 14 = s. Calculate the remainder when -145*((-506)/55)/23 is divided by w(s).
10
Let d(z) = -32*z - 38. What is the remainder when d(-4) is divided by 45?
0
Suppose y = 2*y - 3*h - 37, 5*y - 199 = h. Let b(n) = n**3 - 4*n**2 - 10*n + 9. Calculate the remainder when y is divided by b(6).
19
Let g(s) = 4*s**2 + 4*s - 10. Let y be g(4). Let z = -10 + y. What is the remainder when z is divided by 31?
29
Suppose -4*w - 2*q + 6*q + 4268 = 0, w - 2*q = 1063. What is the remainder when ((-16)/24)/((-6)/w) is divided by 20?
19
Suppose -707 = 15*r - 22*r. Let p = r + -89. Calculate the remainder when 82 is divided by p.
10
Suppose -13*g + 11*g = -4*j - 34, 0 = 5*g + 5*j - 10. Calculate the remainder when 188 is divided by g.
6
Suppose 6*p = 3*p - 3*n - 6, -4 = n. Suppose 4*i = 2*i - 2*j + 2, -7 = -p*i - j. Let z = 12 - i. What is the remainder when 14 is divided by z?
2
Let o(x) = 2*x**2 + 3*x + 3. Let q(f) = -f**2 + 24*f - 18. Suppose 2*u + 4*u - 126 = 0. Calculate the remainder when q(u) is divided by o(-3).
9
Let i(g) be the third derivative of g**4/24 + 2*g**3/3 - 5*g**2. Let q be i(-4). Let o(v) = -v**2 + 11. Calculate the remainder when 41 is divided by o(q).
8
Suppose 0 = 2*a - 2*z, -2*z + 0*z = 4. Calculate the remainder when (-256)/(-6) - a/6 is divided by -18 + (-1335)/(-75) + 76/5.
13
Suppose 0 = -139*m + 141*m - 80. Calculate the remainder when 94 is divided by m.
14
Let b = -1 - -17. Let f(v) = v**2 - 9*v + 10. Let l be f(8). Calculate the remainder when (-4 + 191/2)*l/3 is divided by b.
13
Let y(p) = -p + 10. Calculate the remainder when 26 is divided by y(2).
2
Suppose 0 = 5*o + 150 - 355. What is the remainder when 148 is divided by o?
25
Suppose 0 = -5*w - 28 + 3, n + w = -2. Let q = 61 - 56. Suppose 13 = q*s + n*d - 75, -5*s + 2*d = -108. Calculate the remainder when 77 is divided by s.
17
Suppose l = 2*k + 52, 2*l + 2*k - 134 = -0*k. Let x(a) = 19*a + 2. What is the remainder when l is divided by x(1)?
20
Let f(y) = -5*y**3 + 2*y**2 + 2*y - 3. Let z be f(1). Let g be -3 + (-12)/z + -8. What is the remainder when 20 is divided by g + 6 + 27/3?
6
Let l = -74 + 121. Let m(f) = f**2 + 12*f + 17. What is the remainder when l is divided by m(-12)?
13
Let b = -14 - -32. Suppose -2 - 6 = -8*u. What is the remainder when 6/(0 + -2) + 36/u is divided by b?
15
Suppose 2*x + 110 = -5*v - 25, 63 = -x + 2*v. Let b = x - -90. Calculate the remainder when 149 is divided by b.
24
Let d(b) = b + 11. Let f be (4 - (2 - 0))/((-15)/(-90)). Suppose s = 2, -2*y = -4*s - 7 + 3. What is the remainder when d(f) is divided by y?
5
What is the remainder when 146 is divided by (1 - 12/15) + (-34)/(-5)?
6
Let u = 75 - 41. Let w = 3 - 0. Let v = w - -9. Calculate the remainder when u is divided by v.
10
What is the remainder when ((-6)/4)/(18/(-1896)) is divided by 32?
30
Calculate the remainder when 52 is divided by (45/(-60))/(3/(-300)*3).
2
Let b(x) = -10*x - 76. Let l be b(-6). Suppose -150 = 7*d - 2*d. Let o = l - d. What is the remainder when 41 is divided by o?
13
Let j = 7 + -47. Let y(n) = -n**2 + 13*n - 5. Calculate the remainder when y(6) is divided by (1 - -1)/((-4)/j).
17
Let o(g) = -58*g. Suppose -1 = 4*x + 5*y + 3, 4*y = -16. Suppose -2*z + x*z = 40. Calculate the remainder when o(-1) is divided by z.
18
Let t = -677 + 744. Calculate the remainder when 148 is divided by t.
14
Let n be (-31)/(-1) + (-7 - -5). Let p = n - 3. Calculate the remainder when 204 is divided by p.
22
Suppose 3*j + 21 - 96 = 0. Suppose 11 = 6*f - j. What is the remainder when f is divided by 2?
0
Suppose -2*s = -s - 4. Let y be ((-4)/3)/(s/(-6)). Suppose 32 = 2*k + y*i, -i + 27 = 3*k - 15. Calculate the remainder when 48 is divided by k.
9
Let f(n) = 8*n**2 + 5*n - 1. Calculate the remainder when 59 is divided by f(-1).
1
Suppose 0 = -5*t + 6*t + 1, -t = d - 149. Calculate the remainder when d is divided by 77.
73
Let m(r) = -r**2 + 9*r - 14. Let q be m(6). Let t = 123 - 57. Suppose q*i - 7*i = -t. Calculate the remainder when 64 is divided by i.
20
Let m be 4/14 + (-8)/28. Let s = 2 + m. Calculate the remainder when 39/1*1 - s is divided by 13.
11
Suppose -4*r + 945 = 81. Suppose 0 = -4*k - 16, -5*x + r = -4*k - 360. Calculate the remainder when x is divided by 19.
17
Suppose -2*q + 2 = 2*z, 5*q = 4*z - 6 + 2. Suppose 0 = -2*y - l + 41, 4*l - 3*l - 1 = q. Calculate the remainder when 98 is divided by y.
18
Let j = -357 + 401. Calculate the remainder when j is divided by 14.
2
Suppose -4*s = v - 25, 15 = 3*v + s - 4*s. Let y(x) = x + 22. Suppose -26 = -2*k + 2*g, 3*k + 2*k = -2*g + 51. What is the remainder when y(v) is divided by k?
9
Suppose 4*b + 410 = 3*u - 262, 0 = -4*u + 5*b + 895. What is the remainder when u is divided by 17?
16
Let m(k) = -47*k + 1. Let u(l) = -5*l**2 + 201*l + 53. What is the remainder when u(40) is divided by m(-1)?
45
Calculate the remainder when 12/(-27) - (-3)/81*3711 is divided by 36.
29
Let c(i) = 11*i**2 - 44*i + 9. Calculate the remainder when c(9) is divided by 166.
6
Let v(f) = f + 90. Let r(j) = -2*j - 10. Let l be r(-5). Calculate the remainder when v(l) is divided by 23.
21
Let s(a) = a**2 - 6*a + 2. Calculate the remainder when s(-6) is divided by 100/4 - 3*(6 - 4).
17
Suppose 0*q = q - 96. Suppose -3*u + q = -0*u. Suppose -10*r - 750 = -16*r. Calculate the remainder when r is divided by u.
29
Let n(s) = 2*s**3 + 4*s**2 + 3*s. Let d be n(-3). Let c be (-6)/27 + (-114)/d. Suppose -c*u + 108 = -2*u. What is the remainder when u is divided by 14?
12
Let m = 419 + -374. What is the remainder when 135 is divided by m?
0
Let r(s) be the first derivative of 10*s - 5/2*s**2 + 1/3*s**3 + 5. What is the remainder when r(8) is divided by 13?
8
Let i = -1353 - -1390. What is the remainder when 176 is divided by i?
28
Let f = 79 + 1648. What is the remainder when f is divided by 36?
35
Let b(r) = 4*r - 4. Let t be b(3). Suppose 2*l = -4 + t. Suppose 5 = l*y - 25. Calculate the remainder when 44 is divided by y.
14
Suppose -9*g + 272 = -g. Calculate the remainder when g is divided by 13.
8
Let p(q) = 27*q + 340. Suppose 5*j - 46 = -4*r, -3*j = j - 2*r - 16. What is the remainder when p(-12) is divided by j?
4
Suppose 0 = 273*g - 284*g + 836. What is the remainder when 241 is divided by g?
13
Let s(l) = l**3 + 7*l**2 + 4*l - 1. Calculate the remainder when 23 is divided by s(-6).
1
Let i(m) = 3*m**2 - 15*m - 84. Calculate the remainder when 308 is divided by i(-4).
20
Suppose 0 = 6*z - 14*z + 1432. Calculate the remainder when z is divided by 10.
9
Let h(s) = -2*s + 16. Let j be 121/(-11) + 1 + 1. Suppose w = 15 - 3. Calculate the remainder when h(j) is divided by w.
10
Let u be ((14/4)/(-7))/((-1)/2). Suppose 5*s + u = -z, z - 5*s + 23 = 72. What is the remainder when 75 is divided by z?
3
Suppose 3*c - d + 0*d - 148 = 0, 2*c - 4*d = 102. Let t = c + -45. Calculate the remainder when 22 is divided by t.
2
Let u(w) = w**3 - 6*w**2 + w + 10. What is the remainder when 68 is divided by u(0)?
8
Let d(r) = -25*r + 1. Suppose 4*t = -4*w + 812, 0 = -9*t + 1 + 17. What is the remainder when w is divided by d(-2)?
48
Let j(p) = -4*p + 32. Calculate the remainder when j(-3) is divided by 17.
10
Calculate the remainder when (-27 - -10)*(-12 - 6/(-3)) is divided by 60.
50
Calculate the remainder when 276 is divided by (-2)/10*3410/(-22).
28
Let n = 11 + -44. Let u = 33 + n. Suppose 2*l = -u*l + 140. What is the remainder when l is divided by 36?
34
Suppose 87*t - 49*t - 912 = 0. Calculate the remainder when 1*-1*2*-35 is divided by t.
22
Le